actor of 544294963?
True
Is 140135312 a multiple of 95?
False
Is 3 a factor of 80555288?
False
Is 1953 a factor of 7565102093?
False
Is 1352581241 a multiple of 241?
False
Is 78 a factor of 13455859?
False
Is 163 a factor of 3406715?
False
Does 659 divide 93134493?
True
Does 38 divide 7389195?
False
Is 996014873 a multiple of 4669?
False
Does 3 divide 11786234?
False
Is 31 a factor of 6013801197?
True
Does 29 divide 16620277?
True
Does 45 divide 1125389409?
False
Is 2101631112 a multiple of 21?
True
Does 70 divide 2707580?
False
Is 44 a factor of 235486328?
True
Is 3034208815 a multiple of 127?
False
Is 1678 a factor of 335009152?
False
Is 2839573101 a multiple of 13?
False
Does 343 divide 432272267?
True
Is 1035 a factor of 2625185655?
False
Does 678 divide 106657944?
False
Does 99 divide 104771007?
True
Does 660 divide 1075076640?
True
Is 24 a factor of 5241555?
False
Is 551929032 a multiple of 5?
False
Is 810763565 a multiple of 512?
False
Is 11 a factor of 423248419?
True
Does 5834 divide 770489428?
False
Is 490 a factor of 94561670?
True
Is 16346960 a multiple of 184?
False
Is 533 a factor of 126497084?
False
Is 5230 a factor of 815827456?
False
Does 19 divide 4188189?
True
Is 975 a factor of 2615203500?
True
Is 44 a factor of 89961178?
False
Does 667 divide 6306755483?
False
Does 33 divide 37286026?
False
Does 12 divide 173067672?
True
Is 164 a factor of 30001560?
False
Does 109 divide 11857892?
True
Is 929868674 a multiple of 413?
True
Is 77 a factor of 95920594?
True
Is 136119450 a multiple of 73?
True
Is 164902459 a multiple of 61?
True
Does 17 divide 34960536?
False
Is 1284 a factor of 3790736743?
False
Does 379 divide 76143374?
True
Is 259 a factor of 8356378?
False
Is 776124405 a multiple of 15?
True
Is 5 a factor of 12444865?
True
Does 2111 divide 728156?
False
Is 125 a factor of 4181555?
False
Is 7975 a factor of 1843041572?
False
Does 48 divide 23458272?
True
Does 8 divide 6677136?
True
Does 1631 divide 343234164?
True
Is 23 a factor of 8667963?
False
Is 252 a factor of 11673207?
False
Is 4 a factor of 3355993?
False
Is 42 a factor of 40583572?
False
Does 62 divide 9795194?
True
Is 31 a factor of 26603303?
False
Is 15 a factor of 558783870?
True
Is 60256863 a multiple of 1102?
False
Is 123624703 a multiple of 3?
False
Is 28194500 a multiple of 100?
True
Is 1563882500 a multiple of 12898?
True
Is 16353152 a multiple of 13?
False
Is 84826278 a multiple of 3?
True
Is 1568448640 a multiple of 8?
True
Is 46 a factor of 1400131348?
True
Is 2284 a factor of 310610296?
True
Is 32 a factor of 623905696?
True
Is 66 a factor of 1326992832?
True
Is 889 a factor of 48442499?
True
Does 21 divide 538534416?
True
Is 894 a factor of 7408578?
True
Is 229089560 a multiple of 2150?
False
Is 622 a factor of 3455832?
True
Is 157 a factor of 46076674?
True
Is 26 a factor of 134226546?
False
Does 530 divide 14387695?
False
Is 270547915 a multiple of 5645?
True
Is 21 a factor of 39713604?
True
Is 1543003448 a multiple of 412?
True
Is 9 a factor of 1526121747?
True
Does 2329 divide 615290382?
False
Is 790 a factor of 20740681?
False
Is 3321025488 a multiple of 3533?
False
Is 1581 a factor of 55512993?
False
Does 37 divide 429203232?
False
Does 4217 divide 184314510?
False
Does 699 divide 7517745?
True
Does 33 divide 207519213?
True
Does 15 divide 157810239?
False
Is 54 a factor of 68202827?
False
Is 1467333 even?
False
Does 29 divide 29706759?
True
Is 37 a factor of 10729482?
True
Is 1007 a factor of 3252853908?
False
Is 405 a factor of 15622470?
True
Is 9150 a factor of 1090817250?
True
Is 77938315 a multiple of 91?
True
Is 602 a factor of 515606980?
True
Is 285 a factor of 1069644330?
True
Does 3562 divide 236609412?
True
Is 28269741 a multiple of 2869?
False
Does 31 divide 206298211?
True
Is 108 a factor of 13996801?
False
Is 43456483 a multiple of 49?
True
Is 1583 a factor of 316310663?
False
Is 7 a factor of 14986482?
True
Is 13 a factor of 5046599?
False
Is 60858815 a multiple of 1184?
False
Is 59 a factor of 239491148?
True
Does 10 divide 122116557?
False
Does 45 divide 1267335?
True
Does 2104 divide 4403337464?
True
Does 3549 divide 533987068?
False
Is 341468554 a multiple of 2830?
False
Is 153095629 a multiple of 168?
False
Is 110311642 a multiple of 5?
False
Is 14 a factor of 963496478?
True
Is 15 a factor of 163059390?
True
Is 488 a factor of 160933128?
True
Is 1354043687 a multiple of 451?
False
Is 809 a factor of 57166617?
False
Is 13102276 a multiple of 33?
False
Is 403 a factor of 27105780?
True
Is 39598817 a multiple of 7?
False
Does 295 divide 92294585?
True
Does 6320 divide 1316882818?
False
Does 15 divide 12781468?
False
Is 3806 a factor of 141054166?
True
Is 1146496 a multiple of 416?
True
Is 23859720 a multiple of 30?
True
Is 1054822567 a multiple of 25?
False
Is 11 a factor of 13630054?
False
Does 24 divide 61845120?
True
Does 73 divide 10309113?
False
Is 74 a factor of 277228680?
False
Is 48 a factor of 32044704?
True
Does 225 divide 18398149?
False
Is 149 a factor of 504336259?
False
Is 27 a factor of 19253064?
False
Is 495 a factor of 1659857134?
False
Does 1814 divide 45637155?
False
Is 28 a factor of 28117656?
True
Is 523 a factor of 275246532?
True
Is 142934292 a multiple of 657?
True
Is 26 a factor of 2655468140?
True
Does 259 divide 468597304?
True
Is 8931429 a multiple of 11?
False
Does 595 divide 359936737?
False
Is 2028217380 a multiple of 60?
True
Is 14512680 a multiple of 60?
True
Is 7 a factor of 2807014?
True
Is 699 a factor of 90559472?
False
Does 303 divide 3069475446?
True
Does 6 divide 31653708?
True
Does 33 divide 1779418327?
False
Does 3 divide 21675636?
True
Is 638754105 a multiple of 79?
True
Is 22 a factor of 6957236?
True
Is 1079 a factor of 12294126?
True
Does 12 divide 109716499?
False
Is 8232204 a multiple of 111?
True
Does 153 divide 769565284?
False
Is 14 a factor of 799289806?
True
Is 18 a factor of 18271272?
False
Is 337 a factor of 1681621575?
True
Is 222032471 a multiple of 9?
False
Is 1116 a factor of 46299492?
True
Is 2106 a factor of 130485654?
True
Is 27 a factor of 886079817?
True
Is 2 a factor of 832529?
False
Does 2364 divide 18399012?
True
Is 12 a factor of 1035007790?
False
Is 2612725549 a multiple of 3059?
True
Does 107 divide 19355765?
True
Does 5 divide 10107856?
False
Is 4048 a factor of 2101934937?
False
Does 3840 divide 84924014?
False
Does 367 divide 163734848?
True
Is 1143 a factor of 11755755?
True
Is 50 a factor of 23961417?
False
Is 210180990 a multiple of 430?
True
Is 3115 a factor of 3769807134?
False
Is 418 a factor of 855937757?
False
Is 1878 a factor of 207869160?
False
Is 762530681 a multiple of 11?
True
Is 490640232 a multiple of 30?
False
Is 85962526 a multiple of 197?
True
Is 83 a factor of 1079936904?
True
Is 2925 a factor of 2795445585?
False
Is 4221 a factor of 75374397?
True
Does 23 divide 3052761048?
False
Is 129755340 a multiple of 923?
True
Does 476 divide 9610444?
False
Does 127 divide 61893592?
False
Is 84917784 a multiple of 1176?
True
Is 65 a factor of 12603763?
False
Is 1894 a factor of 378911746?
True
Is 96 a factor of 453646080?
True
Does 850 divide 582054840?
False
Does 13 divide 305780256?
False
Does 126 divide 19433285?
False
Is 12267318 a multiple of 2631?
False
Is 140979200 a multiple of 20?
True
Is 6515 a factor of 2798570370?
True
Does 247 divide 1314040?
True
Is 691 a factor of 5539974?
False
Is 218762934 a multiple of 2158?
True
Does 3561 divide 505792030?
False
Is 760969948 a multiple of 3260?
False
Is 34 a factor of 723949352?
True
Is 96456564 a multiple of 78?
False
Is 203013992 a multiple of 284?
True
Is 1027255712 a multiple of 394?
True
Is 178 a factor of 1463082267?
False
Is 19685288 a multiple of 1099?
True
Is 212280896 a multiple of 904?
True
Is 1234610956 a multiple of 4237?
True
Is 36 a factor of 60235236?
True
Is 400740092 a multiple of 220?
False
Is 456 a factor of 1652088?
True
Is 108 a factor of 814354918?
False
Is 787156641 a multiple of 9?
True
Is 238775895 a multiple of 45?
True
Is 11715287 even?
False
Is 49647231 a multiple of 9?
True
Is 41384178 a multiple of 22?
True
Does 270 divide 1258415190?
True
Is 71959558 a multiple of 42?
False
Is 3641369016 a multiple of 24?
True
Is 6256354 a multiple of 221?
False
Is 807 a factor 